Let q = 469 + -213. Suppose -3*s = -4*j - q, s + 3*j - 249 = -2*s. Calculate the greatest common factor of 105 and s.
21
Let f = -4548 - -4623. Calculate the highest common divisor of 700 and f.
25
Let q(u) = -4*u + 43. Let a be q(27). Let m = 410 + a. What is the greatest common divisor of m and 10?
5
Suppose -4*t = -t + 5*f - 184, 5*f - 300 = -5*t. Let d = 93 + -45. Let h = t - d. Calculate the greatest common divisor of h and 40.
10
Let u = -673 + 741. Let k = -668 + 425. Let m = -141 - k. Calculate the highest common factor of u and m.
34
Suppose 0 = -w + i + 42, 26*w - 23*w - 120 = 4*i. Let l(o) = 8*o. Let y be l(1). Calculate the highest common divisor of w and y.
8
Suppose 27*r = 20258 - 1223. Let y = -495 + r. Calculate the highest common factor of y and 30.
30
Suppose 0 = 337*s - 342*s - 2*g + 276, -g + 3 = 0. Calculate the highest common divisor of s and 90.
18
Suppose s + 3 = 5*f, -4*s = -2*f - 9*s - 15. Suppose -4*x - 2*a = -3*a - 4, -5*x + 4*a + 5 = f. What is the greatest common factor of x and 7?
1
Let u = -8 + 20. Suppose 0 = 8*h - 49 - 31. Suppose -c + h*c - 1188 = 0. Calculate the greatest common divisor of u and c.
12
Let u be 2/8 - ((-971)/4 + -4 + 5). What is the highest common divisor of u and 1210?
242
Let d = -23 - -25. Let z(w) = 4*w**2 - 5*w + 5. Let u be z(d). Let x be 5*19 - (13 + -17). What is the greatest common divisor of x and u?
11
Let b = -40 - -79. Let i = 42 - b. Let y(h) = 70*h + 7. Let j be y(i). What is the greatest common divisor of 31 and j?
31
Let g(q) = -4*q + 10. Let p be g(2). Let z be 6/2*-4*(-5)/p. Calculate the greatest common divisor of 24 and z.
6
Let s be ((-3)/((-21)/229))/(156/1092). What is the highest common factor of s and 18?
1
Let k = 1016 + -1028. Let d be -4 - k - 10 - -6. Suppose i = -i + 20. Calculate the highest common factor of d and i.
2
Suppose -127 = 2*w + 17. Let a = -68 - w. Suppose -a*c + 9 + 15 = 0. Calculate the highest common divisor of 8 and c.
2
Suppose p - f - 1479 = 1312, 2794 = p - 4*f. What is the greatest common divisor of 20 and p?
10
Let k be (-4)/6 + (-11)/(33/(-56)). Let x be 6/27 + (-4)/k + 2. Suppose x*f = -f + 108. Calculate the highest common divisor of f and 54.
18
Let h = -5146 - -5401. Calculate the greatest common factor of 2125 and h.
85
Let p = -95 - -183. Let v = 2368 - 2360. Calculate the highest common factor of v and p.
8
Let o = -2569 + 2585. Suppose -7*m + 378 = -126. Calculate the highest common factor of o and m.
8
Let b be ((-4)/64)/((-5)/60) - 450/(-8). What is the greatest common factor of b and 589?
19
Let o(r) = 9*r**2 + 31*r - 190. Let a be o(16). What is the highest common factor of 60 and a?
30
Let l = -1724 - -1949. Calculate the greatest common divisor of 575 and l.
25
Suppose 4*z + 5*i - 27 = 0, -3*z + 8*i = 11*i - 24. Suppose -7*c = -4*c - 363. Let q = -56 + c. What is the highest common factor of q and z?
13
Suppose -4*d + 7884 + 4020 = 0. Suppose -d = -9*k - 39*k. Suppose 0 = 2*w - 2*i - 2*i - 58, -w = -3*i - 28. What is the greatest common factor of w and k?
31
Let s = -297 + 45. Let r = s + 294. What is the highest common factor of 462 and r?
42
Let l(j) = -3*j**3 - 2*j**2 - 2*j - 4. Let y be l(-3). Let u = 324 - -835. Suppose u = -6*k + 1189. Calculate the greatest common factor of k and y.
5
Let l(n) = n - 95 + 2*n + 122 + 3*n. Let p be l(-2). What is the highest common factor of 30 and p?
15
Let x(y) = -2*y**3 - y**2 + 133*y + 266. Let f be x(-2). Calculate the highest common factor of f and 501.
3
Let f be (((-18)/4 - 24/48) + 6)*20. Let n(o) = 4*o**2 + 10*o + 6. Let s be n(-4). What is the highest common factor of s and f?
10
Let u = -11133 + 11173. Let b(a) = -16*a. Let p be b(-1). What is the highest common divisor of p and u?
8
Let n(g) = 2*g**3 - 6*g**2 - 29*g + 125. Let j be n(3). Let i = 201 + -30. Calculate the highest common factor of j and i.
19
Let v = -470 - -472. Suppose 2*i - 41 = 21. Let j = i - 21. What is the highest common factor of j and v?
2
Let h(l) = l**3 + 6*l**2 + 2*l + 2. Let g(f) = f**2 - 10*f - 16. Let k be g(11). Let d be h(k). Let x = 33 - d. What is the greatest common factor of 2 and x?
2
Suppose d = -h + 49, 0 = 4*h + 5*d - 8*d - 161. Let y = 866 + -862. What is the highest common divisor of h and y?
4
Let w be (357/9 + (-57)/171)/(1/243). Calculate the greatest common factor of 18 and w.
18
Let b be 1*((29 - (0 + -3)) + -5). Suppose 5*g - 157 = -b. What is the highest common factor of g and 130?
26
Let t(y) = 132*y + 2205. Let p be t(-12). What is the highest common divisor of p and 207?
207
Let i(h) = 2*h**3 - 2*h**2 - 6. Suppose 122*u - 123*u + 3 = 0. Let k be i(u). Let s = -2 + 47. Calculate the highest common divisor of k and s.
15
Let i = -353 + 349. Let u be ((-624)/(-44) - 5) + i/22. Calculate the highest common divisor of 207 and u.
9
Suppose 0 = 3*r - 14 - 64. Let g = -1118 + 1768. Calculate the greatest common factor of r and g.
26
Let d = 18 + 55. Let c = d + -54. Calculate the greatest common divisor of 95 and c.
19
Suppose -62*s + 54*s + 4264 = 0. Let d(f) = -f**3 - f**2 - 2*f + 82. Let x be d(0). What is the highest common divisor of x and s?
41
Let z(q) be the first derivative of -30*q**2 + 48*q - 36. Let v be z(-1). Calculate the highest common divisor of 72 and v.
36
Let f be 1/(3*(-2)/(-12)). Let z be (-1 - (-14)/(-2))/f. Let d be (z/(-14))/(2/56). Calculate the highest common divisor of d and 24.
8
Suppose -6*l + 71 = -1. Suppose 0 = -110*o + 107*o + l. What is the greatest common divisor of 66 and o?
2
Suppose -4*n + 6872 + 33088 = 366*n. Calculate the greatest common divisor of n and 17388.
108
Let h be (-1 + -2)/(11/605*-5). Suppose 13*u + 3760 = h*u. What is the highest common divisor of 329 and u?
47
Let q be 36/(-1)*24/32. Let i(u) = u**2 + 30*u + 86. Let v be i(q). What is the highest common factor of v and 20?
5
Suppose -107 = 45*s - 44*s. Let y = 108 + s. Suppose -2*u - y = -17. Calculate the highest common divisor of u and 24.
8
Suppose -4*i - 5 = -17, 2*v - 19 = -i. Suppose 0 = 32*c - v*c - 984. Calculate the highest common divisor of c and 1312.
41
Let k(s) = 15*s**2 - 150*s - 110. Let q(t) = 3*t**2 - 30*t - 22. Let l(p) = -2*k(p) + 11*q(p). Let m be l(16). Calculate the highest common factor of 38 and m.
38
Let c(w) = -126*w + 6. Let s be c(-16). Suppose 0 = 4*l + 678 - s. Calculate the highest common divisor of 48 and l.
48
Let y(k) = 2*k + 13. Let g be y(4). Let h = 92 + -83. Suppose h*a - 51 = g. What is the highest common divisor of 8 and a?
8
Suppose 3*o - 144 = -18. Suppose 49*g - o*g - 140 = 0. What is the highest common divisor of 170 and g?
10
Let k = -444 + 387. Let y = 62 - k. What is the highest common factor of y and 34?
17
Let h(r) = -3*r**2 + 27*r + 6. Let s be h(9). Let p = 38 - 0. Let c = p + -20. Calculate the greatest common divisor of s and c.
6
Let r = 221 + -192. Suppose 5*p = -39*n + 36*n + r, 2*p + 46 = 2*n. Calculate the highest common factor of n and 198.
18
Let x = -141 + 245. Let q(p) = -128*p + 2. Let f be q(-1). Suppose 16*a + f = 21*a. What is the greatest common divisor of x and a?
26
Let m = -7574 - -7590. What is the highest common divisor of m and 1892?
4
Let r = 37099 + -36865. Let k be 938/6 - 2/6. Calculate the highest common divisor of r and k.
78
Let g(i) = 44*i**2 - 86*i + 222. Let a be g(3). What is the greatest common factor of a and 2988?
36
Let v = -67 + 64. Let x(m) = 23*m + 10. Let t be x(v). Let n = 158 + t. What is the highest common factor of 9 and n?
9
Let s(g) = 2*g**2 + 2*g - 5. Let m be s(-5). Let f = 245 + -226. Let z be 4*1 - (f - 120). What is the greatest common divisor of m and z?
35
Let f(u) = -5*u + 84. Let c be f(12). Suppose 0 = -c*x + 36*x - 8280. What is the highest common divisor of x and 69?
69
Suppose -5*s + 10*s - 50 = 0. Suppose 4*v = 4*w - 6*w + 28, 0 = -5*v - s. Suppose -4*k - 2 = -w. What is the highest common divisor of 32 and k?
4
Let g(d) = 3*d**2 - 32*d - 58. Let y be g(17). Let z = y - 181. What is the greatest common divisor of 112 and z?
28
Suppose 4*p + 3*x - 348 = 0, -2*p + 7*p = 2*x + 435. What is the highest common factor of 87 and p?
87
Let g(z) = 5*z + 59. Let l be g(-11). Suppose 7*n = l*n + 891. What is the greatest common divisor of 11 and n?
11
Let y be (-2800)/(-300